 the prime factors of r?
2, 19
Let m(h) = h**2 - 4*h + 3. Let s be m(3). Suppose s = 2*w + 2*w. Suppose w*v = 2*v - 24. What are the prime factors of v?
2, 3
What are the prime factors of 6/(-4 + 152/36)?
3
List the prime factors of (45/4)/(14/112).
2, 3, 5
Let v(k) = -6*k. Let z be v(-1). What are the prime factors of 14*3/z*2?
2, 7
Let j = -81 - -123. Suppose -2*w = -v - j, -3*v - 2*v - 3 = -w. Let m = 34 - w. List the prime factors of m.
11
Let m(l) = 2*l**3 - 9*l**2 + 8*l + 1. List the prime factors of m(5).
2, 3, 11
Suppose -13*h = 2*h - 3675. What are the prime factors of h?
5, 7
Let k = 44 - -13. List the prime factors of k.
3, 19
Let i(w) = -w**3 - 4*w**2 - 3*w + 5. What are the prime factors of i(-5)?
3, 5
Suppose 3*q - 14 = -2. Suppose -q*v + 17 = 4*x - v, -5*v + 15 = 5*x. List the prime factors of x.
2
Let u = -51 + 74. List the prime factors of u.
23
Let o be (2 - (-3 + 1)) + 2. Let m(s) = -1. Let z(f) = -f**2 + 5*f + 6. Let g(l) = -4*m(l) - z(l). List the prime factors of g(o).
2
Let g = -74 + 142. Let t = g + -19. Let y = -34 + t. List the prime factors of y.
3, 5
Let a(r) = 14*r**3 + 2*r**2 + 2*r + 1. Suppose 0*x + 2*q + 7 = -x, -3*x = -4*q - 9. Let l be a(x). Let k = l + 23. List the prime factors of k.
2, 5
Let r = 12 - 2. Suppose 2 = -h - 2, -4*q + 64 = h. Let f = q - r. List the prime factors of f.
7
Let p = 826 - 580. What are the prime factors of p?
2, 3, 41
Let i(f) = -4 - 2*f + 5*f**2 - 7*f**2 - f**3 - f**3 + f**3. List the prime factors of i(-3).
11
Let p(u) = -u**2 - 11*u. Let f be p(-10). Suppose -3*k - 7 = -2*v + f, -3*k = -5*v + 20. Let j = 2 + v. What are the prime factors of j?
3
Let g(c) = c**3 + 9*c**2 + 8*c + 13. What are the prime factors of g(-7)?
5, 11
Let c = 3 + -7. Let w be (-888)/(-20) - c/(-10). Suppose -w = -5*v + v. What are the prime factors of v?
11
Let a(l) = l - 6. Let n be a(8). Suppose 5*h + n*i - 3*i = -44, 0 = -2*h - 5*i + 4. What are the prime factors of 3/12 - 78/h?
2, 5
Suppose -8 = -u + 3. List the prime factors of u.
11
Let g(y) = 2*y**2 - 2*y + 20. Let q be g(6). Suppose -j - j + q = 4*k, j - 20 = 3*k. List the prime factors of j.
2
Let w be 1*(-1)/2*2*-1. Suppose 0*s + 6 = 2*s. Suppose -s*j + 20 + w = 0. What are the prime factors of j?
7
Let n = -7 - -9. Suppose -b + 52 + 3 = n*w, 49 = 2*w + 3*b. List the prime factors of w.
29
Suppose 2*a - 116 = 396. What are the prime factors of a?
2
Suppose 0 = -3*m + 2*x + 130, -202 = -5*m - 3*x - x. What are the prime factors of m?
2, 3, 7
Let s(z) = z + 2. Let c be s(3). Suppose p - c - 10 = 0. What are the prime factors of p?
3, 5
Let r = 40 + -35. What are the prime factors of r?
5
Let s = -3 - -5. Suppose -5 = -s*n + 1. List the prime factors of n.
3
Suppose 144 = 4*z - 4*l, -z + 5*l = -3*z + 65. What are the prime factors of z?
5, 7
Let f = 112 + -73. What are the prime factors of f?
3, 13
Let b be (-24)/2*(-20)/6. Suppose -4 - b = -4*u. What are the prime factors of u?
11
Let r(u) = -u**3 + 2*u + 1. Let t be r(-2). Let a = 8 - 2. Suppose -t*w + 24 = -a. What are the prime factors of w?
2, 3
Let t be 15*(0 - (-2)/(-5)). Let r = 10 + t. List the prime factors of r.
2
Let s(a) = a**3 + 12*a**2 + a - 7. List the prime factors of s(-11).
103
Let l = 64 - 39. What are the prime factors of l?
5
Suppose 5*v + 13 = -4*u, 3*v - 3*u - 7 = 2*u. Let k(j) = -9*j + 1. List the prime factors of k(v).
2, 5
Let k = -6 - -9. Suppose -k*a + 2*x + 24 = -60, 4*a - 112 = -3*x. What are the prime factors of a?
2, 7
Let k(z) = -z**3 - 6*z**2 - z + 3. Let b(u) = -1 + 0 - 4*u + 6*u - 7*u**2. Let v be b(1). List the prime factors of k(v).
3
Suppose -43*b - 460 = -45*b. List the prime factors of b.
2, 5, 23
Let s(w) = w**3 - w**2 + w + 16. Suppose 0 = 3*u - u. Suppose u*k = -3*k. What are the prime factors of s(k)?
2
What are the prime factors of 292 + 5/(-15)*-15?
3, 11
Let d = -140 - -81. Let y = d - -87. What are the prime factors of y?
2, 7
Suppose -4*u - 3*g + 68 = 0, -6*g = -4*u - 2*g + 96. Let f = u - 10. What are the prime factors of f?
2, 5
Let d(x) be the third derivative of x**6/120 - 3*x**5/20 + x**4/2 - x**3 + 3*x**2. List the prime factors of d(8).
2, 13
Let u = 30 + -21. Suppose -5*k + u + 25 = 3*s, -4*s + 49 = 3*k. What are the prime factors of s?
13
Suppose 3*t + 161 = 59. Let d = 76 + t. Suppose -p = 2*p - d. List the prime factors of p.
2, 7
Suppose -3*t = -6*t + 159. What are the prime factors of t?
53
Let p(z) = z + 4. Let o be p(0). Let b(a) = 2*a + o*a**2 - 6*a - 3*a**2 + 7. What are the prime factors of b(5)?
2, 3
Let s be -15*(1 + 14/(-10)). Suppose 4*a = s*a - 30. Let k = -11 + a. List the prime factors of k.
2
Suppose -3*x + 285 = -2*y + 96, 0 = 4*x - 5*y - 259. What are the prime factors of x?
61
Suppose 5*j + 0*j - 30 = 0. Suppose -j*b = -b. Let o = b + 7. What are the prime factors of o?
7
Let h(y) = 3*y - 7. Let c be h(8). Let j = c + -6. What are the prime factors of j?
11
Suppose -4*d + 1 = -3*d. Let v be d/(2*3/24). Suppose -4*q + 0*q = -5*j - 6, v*q - 16 = 0. What are the prime factors of j?
2
Suppose -24 = -j + x, -4*j - x + 1 + 85 = 0. Let h = j - 16. List the prime factors of h.
2, 3
Let o = 7 + -8. What are the prime factors of 15/o*(-12)/10?
2, 3
Suppose -2*b + 5 = 15. List the prime factors of (-62)/b - (-4)/(-10).
2, 3
Let f = 146 + -94. List the prime factors of f.
2, 13
Suppose -2*w + 4 = 0, 4*y = w - 6*w + 6. Let a(s) = 13*s**3 + 1. Let h be a(y). List the prime factors of 9/h - (-102)/8.
2, 3
Suppose 28 + 192 = 4*h - 2*x, 5*x = 0. List the prime factors of h.
5, 11
Let x(h) = -h**3 - 3*h**2 + h - 2. Suppose 0*n + 3*l + 31 = -4*n, l = -5. Let u be x(n). Suppose 0 = 2*q - 3*q + u. List the prime factors of q.
2, 5
What are the prime factors of -7*((-96)/18 + (-2)/(-6))?
5, 7
Let q = -6 + 11. Suppose 2*r - q*r + 90 = 0. What are the prime factors of r/9 - 4/(-6)?
2
Let c be 2*6 + (0 - 1). Let o(d) = -d**3 + 10*d**2 - 2*d + 14. Let q be o(10). Let g = q + c. What are the prime factors of g?
5
Let f = 5 + -4. Let l be 3/f + -2 - 1. What are the prime factors of 22/(-4)*(l - 2)?
11
Let z(d) be the first derivative of 6*d**2 - 2*d + 2. List the prime factors of z(2).
2, 11
Suppose 2*r - 50 = -5*p, 4*r = -r + 5*p + 125. List the prime factors of r.
5
List the prime factors of (-6)/(-18) - 404/(-12).
2, 17
Let c(u) = u - 1. Let o(x) = -9*x + 9. Let z(s) = -6*c(s) - o(s). What are the prime factors of z(6)?
3, 5
Suppose f + 87 = 4*f - 5*m, -116 = -4*f - 4*m. List the prime factors of f.
29
Let b(t) = -t**2 + 17*t + 6. What are the prime factors of b(10)?
2, 19
Let w = 86 + -41. What are the prime factors of w?
3, 5
Let m(l) = l**3 - 7*l**2 - 10*l - 8. Let h be m(8). List the prime factors of 4*3*(-8)/h.
2
Let t(s) = -s - 1. Let h be t(-1). Suppose p + 5 = h, -5*b - p + 3 = -b. Suppose -3*c + 10 = -b*c. What are the prime factors of c?
2, 5
Let n = -50 - -30. What are the prime factors of 1/1*n/(-1)?
2, 5
Suppose -15 = -g - 0*x - 4*x, -g = -2*x - 9. Suppose z - g = -0. What are the prime factors of z?
11
Let z = -15 - -131. What are the prime factors of z?
2, 29
Let m(i) be the first derivative of i**2/2 + i + 2. Let y be m(-2). List the prime factors of (y - (-2)/3)*-12.
2
Suppose -2 = -a + 1. List the prime factors of a.
3
Let w(y) = -y + 4. Let j be w(4). Suppose 2*i = -3*z, 0 = -4*i - j*i + z + 14. What are the prime factors of i?
3
Suppose -4*p - 46 = -2*g, g + 0*p - 5 = -4*p. List the prime factors of g.
17
Suppose -2*v = -5*q + 83, v = 3*q + 2*v - 41. Suppose 2*x + q = 5*x. List the prime factors of x.
5
Suppose -4*i - 5*a = 35, 2*i - 4*a + 26 = 2. What are the prime factors of 372/15 + (-2)/i?
5
Let y be 18/(-4)*(-4)/6. Suppose -y*b = -4*a - 6, -2 = -3*a - 0*b - b. Suppose a = 5*n - d + 2*d - 7, d = 3*n - 9. List the prime factors of n.
2
Suppose o = -o + 4. Let v(j) = 7*j**2. Let t be v(-2). Suppose 38 = -0*x + 3*x + g, -2*g - t = -o*x. What are the prime factors of x?
13
Suppose 74 = 5*u + 3*q, 3*u + 4*q = 4 + 36. Suppose -4 = 3*a + 4*b, -a = -0*b + 5*b + u. List the prime factors of a.
2
List the prime factors of (1 - 141)/(7 - 9).
2, 5, 7
Let s be 938/(-8) + (-1)/(-4). List the prime factors of (-2)/(-7) - s/7.
17
Suppose 2*u = -0*u + 148. Suppose -z + 42 = -5*s, 0*z + 2*s + u = 3*z. What are the prime factors of z?
2